{"id":129,"date":"2019-07-15T08:48:06","date_gmt":"2019-07-15T08:48:06","guid":{"rendered":"http:\/\/localhost\/?page_id=129"},"modified":"2019-09-22T14:07:14","modified_gmt":"2019-09-22T14:07:14","slug":"sluzby_vzduchotechnika-a-klimatizace","status":"publish","type":"page","link":"https:\/\/www.bohemiachladpraha.eu\/?page_id=129","title":{"rendered":"Vzduchotechnika a klimatizace"},"content":{"rendered":"<p>V\u00a0oblasti klimatizac\u00ed \u0159e\u0161\u00edme tzv. \u010dist\u00e9 provozy z\u00a0hlediska hygienick\u00fdch p\u0159edpis\u016f, tj.\u00a0dod\u00e1v\u00e1me a\u00a0\u0159e\u0161\u00edme v\u00fdrobn\u00ed prostory z\u00e1kazn\u00edka tak, aby\u00a0byly o\u0161et\u0159eny mikroklimatick\u00e9 podm\u00ednky otev\u0159en\u00e9ho v\u00fdrobku (nap\u0159. u\u00a0plni\u010dek apod.) a\u00a0zaji\u0161t\u011bny hygienick\u00e9 podm\u00ednky provozu.<\/p>\n<p>Z\u00e1rove\u0148, zaji\u0161\u0165ujeme podm\u00ednky provozu z\u00a0hlediska bezpe\u010dnosti pr\u00e1ce.<\/p>\n<p>Dod\u00e1v\u00e1me VZT a\u00a0klimatizace do\u00a0b\u011b\u017en\u00fdch v\u00fdrobn\u00edch i\u00a0nev\u00fdrobn\u00edch prostor z\u00e1kazn\u00edka.<\/p>\n","protected":false},"excerpt":{"rendered":"<p>V\u00a0oblasti klimatizac\u00ed \u0159e\u0161\u00edme tzv. \u010dist\u00e9 provozy z\u00a0hlediska hygienick\u00fdch p\u0159edpis\u016f, tj.\u00a0dod\u00e1v\u00e1me a\u00a0\u0159e\u0161\u00edme v\u00fdrobn\u00ed prostory z\u00e1kazn\u00edka tak, aby\u00a0byly o\u0161et\u0159eny mikroklimatick\u00e9 podm\u00ednky otev\u0159en\u00e9ho v\u00fdrobku (nap\u0159. u\u00a0plni\u010dek apod.) a\u00a0zaji\u0161t\u011bny hygienick\u00e9 podm\u00ednky provozu. Z\u00e1rove\u0148, zaji\u0161\u0165ujeme podm\u00ednky provozu z\u00a0hlediska bezpe\u010dnosti pr\u00e1ce. Dod\u00e1v\u00e1me VZT a\u00a0klimatizace do\u00a0b\u011b\u017en\u00fdch v\u00fdrobn\u00edch i\u00a0nev\u00fdrobn\u00edch prostor z\u00e1kazn\u00edka.<\/p>\n","protected":false},"author":1,"featured_media":483,"parent":0,"menu_order":0,"comment_status":"closed","ping_status":"closed","template":"pagesluzby.php","meta":{"footnotes":""},"class_list":["post-129","page","type-page","status-publish","has-post-thumbnail","hentry"],"_links":{"self":[{"href":"https:\/\/www.bohemiachladpraha.eu\/index.php?rest_route=\/wp\/v2\/pages\/129","targetHints":{"allow":["GET"]}}],"collection":[{"href":"https:\/\/www.bohemiachladpraha.eu\/index.php?rest_route=\/wp\/v2\/pages"}],"about":[{"href":"https:\/\/www.bohemiachladpraha.eu\/index.php?rest_route=\/wp\/v2\/types\/page"}],"author":[{"embeddable":true,"href":"https:\/\/www.bohemiachladpraha.eu\/index.php?rest_route=\/wp\/v2\/users\/1"}],"replies":[{"embeddable":true,"href":"https:\/\/www.bohemiachladpraha.eu\/index.php?rest_route=%2Fwp%2Fv2%2Fcomments&post=129"}],"version-history":[{"count":11,"href":"https:\/\/www.bohemiachladpraha.eu\/index.php?rest_route=\/wp\/v2\/pages\/129\/revisions"}],"predecessor-version":[{"id":544,"href":"https:\/\/www.bohemiachladpraha.eu\/index.php?rest_route=\/wp\/v2\/pages\/129\/revisions\/544"}],"wp:featuredmedia":[{"embeddable":true,"href":"https:\/\/www.bohemiachladpraha.eu\/index.php?rest_route=\/wp\/v2\/media\/483"}],"wp:attachment":[{"href":"https:\/\/www.bohemiachladpraha.eu\/index.php?rest_route=%2Fwp%2Fv2%2Fmedia&parent=129"}],"curies":[{"name":"wp","href":"https:\/\/api.w.org\/{rel}","templated":true}]}}