{"id":139,"date":"2019-07-15T09:09:06","date_gmt":"2019-07-15T09:09:06","guid":{"rendered":"http:\/\/localhost\/?page_id=139"},"modified":"2020-07-14T14:57:45","modified_gmt":"2020-07-14T14:57:45","slug":"sluzby_silove-systemy-mereni-a-regulace","status":"publish","type":"page","link":"https:\/\/www.bohemiachladpraha.eu\/?page_id=139","title":{"rendered":"Elektroinstalace, m\u011b\u0159en\u00ed a regulace"},"content":{"rendered":"<p>Zaji\u0161\u0165ujeme<\/p>\n<ul>\n<li>projek\u010dn\u00ed \u010dinnost<\/li>\n<li>hled\u00e1n\u00ed \u00faspor energi\u00ed &#8211; nap\u0159. \u00faspory v&nbsp;osv\u011btlen\u00ed v\u00fdrobn\u00edch&nbsp;hal jednoduchou regulac\u00ed<\/li>\n<li>\u0159\u00edzen\u00ed a&nbsp;monitorov\u00e1n\u00ed chlad\u00edrensk\u00fdch a&nbsp;technologick\u00fdch celk\u016f<\/li>\n<li>v\u00fdroba rozvad\u011b\u010d\u016f<\/li>\n<li>kompletn\u00ed mont\u00e1\u017ee elektro \u2013 silno a&nbsp;slaboproud<\/li>\n<li>software<\/li>\n<li>bezpe\u010dnostn\u00ed za\u0159\u00edzen\u00ed budov<\/li>\n<li>kamerov\u00e9 syst\u00e9my a&nbsp;pod.<\/li>\n<\/ul>\n<style type=\"text\/css\">\n#foogallery-gallery-597 .fg-image { width: 150px; }\n#foogallery-gallery-597 { --fg-gutter: 10px; }<\/style>\n\t\t\t<div class=\"foogallery foogallery-container foogallery-default foogallery-lightbox-foobox fg-center fg-default fg-ready fg-light fg-border-thin fg-shadow-outline fg-loading-default fg-loaded-fade-in fg-caption-hover fg-hover-fade fg-hover-zoom\" id=\"foogallery-gallery-597\" data-foogallery=\"{&quot;item&quot;:{&quot;showCaptionTitle&quot;:true,&quot;showCaptionDescription&quot;:true},&quot;lazy&quot;:true}\" style=\"--fg-title-line-clamp: 0; --fg-description-line-clamp: 0;\" >\n\t<div class=\"fg-item fg-type-image fg-idle\"><figure class=\"fg-item-inner\"><a href=\"https:\/\/www.bohemiachladpraha.eu\/wp-content\/uploads\/2019\/09\/vizualizace_deskovych_vymeniku_cerpadlovny_unilever.png\" data-attachment-id=\"517\" data-type=\"image\" class=\"fg-thumb\"><span class=\"fg-image-wrap\"><img decoding=\"async\" width=\"150\" height=\"150\" class=\"skip-lazy fg-image\" data-src-fg=\"https:\/\/www.bohemiachladpraha.eu\/wp-content\/uploads\/2019\/09\/vizualizace_deskovych_vymeniku_cerpadlovny_unilever-150x150.png\" src=\"data:image\/svg+xml,%3Csvg%20xmlns%3D%22http%3A%2F%2Fwww.w3.org%2F2000%2Fsvg%22%20width%3D%22150%22%20height%3D%22150%22%20viewBox%3D%220%200%20150%20150%22%3E%3C%2Fsvg%3E\" loading=\"eager\"><\/span><span class=\"fg-image-overlay\"><\/span><\/a><\/figure><div class=\"fg-loader\"><\/div><\/div><div class=\"fg-item fg-type-image fg-idle\"><figure class=\"fg-item-inner\"><a href=\"https:\/\/www.bohemiachladpraha.eu\/wp-content\/uploads\/2019\/09\/skrinove_rozvadece_vv_unilever_02.jpg\" data-attachment-id=\"514\" data-type=\"image\" class=\"fg-thumb\"><span class=\"fg-image-wrap\"><img decoding=\"async\" width=\"150\" height=\"150\" class=\"skip-lazy fg-image\" data-src-fg=\"https:\/\/www.bohemiachladpraha.eu\/wp-content\/uploads\/2019\/09\/skrinove_rozvadece_vv_unilever_02-150x150.jpg\" src=\"data:image\/svg+xml,%3Csvg%20xmlns%3D%22http%3A%2F%2Fwww.w3.org%2F2000%2Fsvg%22%20width%3D%22150%22%20height%3D%22150%22%20viewBox%3D%220%200%20150%20150%22%3E%3C%2Fsvg%3E\" loading=\"eager\"><\/span><span class=\"fg-image-overlay\"><\/span><\/a><\/figure><div class=\"fg-loader\"><\/div><\/div><div class=\"fg-item fg-type-image fg-idle\"><figure class=\"fg-item-inner\"><a href=\"https:\/\/www.bohemiachladpraha.eu\/wp-content\/uploads\/2019\/09\/vizualizace_chlazeni_sklepu_pivo_louny.png\" data-attachment-id=\"505\" data-type=\"image\" class=\"fg-thumb\"><span class=\"fg-image-wrap\"><img decoding=\"async\" width=\"150\" height=\"150\" class=\"skip-lazy fg-image\" data-src-fg=\"https:\/\/www.bohemiachladpraha.eu\/wp-content\/uploads\/2019\/09\/vizualizace_chlazeni_sklepu_pivo_louny-150x150.png\" src=\"data:image\/svg+xml,%3Csvg%20xmlns%3D%22http%3A%2F%2Fwww.w3.org%2F2000%2Fsvg%22%20width%3D%22150%22%20height%3D%22150%22%20viewBox%3D%220%200%20150%20150%22%3E%3C%2Fsvg%3E\" loading=\"eager\"><\/span><span class=\"fg-image-overlay\"><\/span><\/a><\/figure><div class=\"fg-loader\"><\/div><\/div><div class=\"fg-item fg-type-image fg-idle\"><figure class=\"fg-item-inner\"><a href=\"https:\/\/www.bohemiachladpraha.eu\/wp-content\/uploads\/2019\/09\/vizualizace_chlazeni_sklepu_trend_pivo_louny.png\" data-attachment-id=\"504\" data-type=\"image\" class=\"fg-thumb\"><span class=\"fg-image-wrap\"><img decoding=\"async\" width=\"150\" height=\"150\" class=\"skip-lazy fg-image\" data-src-fg=\"https:\/\/www.bohemiachladpraha.eu\/wp-content\/uploads\/2019\/09\/vizualizace_chlazeni_sklepu_trend_pivo_louny-150x150.png\" src=\"data:image\/svg+xml,%3Csvg%20xmlns%3D%22http%3A%2F%2Fwww.w3.org%2F2000%2Fsvg%22%20width%3D%22150%22%20height%3D%22150%22%20viewBox%3D%220%200%20150%20150%22%3E%3C%2Fsvg%3E\" loading=\"eager\"><\/span><span class=\"fg-image-overlay\"><\/span><\/a><\/figure><div class=\"fg-loader\"><\/div><\/div><div class=\"fg-item fg-type-image fg-idle\"><figure class=\"fg-item-inner\"><a href=\"https:\/\/www.bohemiachladpraha.eu\/wp-content\/uploads\/2019\/09\/vizualizace_strojovny_chlazeni_glycolu_pivo_louny.png\" data-attachment-id=\"503\" data-type=\"image\" class=\"fg-thumb\"><span class=\"fg-image-wrap\"><img decoding=\"async\" width=\"150\" height=\"150\" class=\"skip-lazy fg-image\" data-src-fg=\"https:\/\/www.bohemiachladpraha.eu\/wp-content\/uploads\/2019\/09\/vizualizace_strojovny_chlazeni_glycolu_pivo_louny-150x150.png\" src=\"data:image\/svg+xml,%3Csvg%20xmlns%3D%22http%3A%2F%2Fwww.w3.org%2F2000%2Fsvg%22%20width%3D%22150%22%20height%3D%22150%22%20viewBox%3D%220%200%20150%20150%22%3E%3C%2Fsvg%3E\" loading=\"eager\"><\/span><span class=\"fg-image-overlay\"><\/span><\/a><\/figure><div class=\"fg-loader\"><\/div><\/div><div class=\"fg-item fg-type-image fg-idle\"><figure class=\"fg-item-inner\"><a href=\"https:\/\/www.bohemiachladpraha.eu\/wp-content\/uploads\/2019\/09\/vizualizace_monitorovaci_program_02_vv_strakonice.jpg\" data-attachment-id=\"500\" data-type=\"image\" class=\"fg-thumb\"><span class=\"fg-image-wrap\"><img decoding=\"async\" width=\"150\" height=\"150\" class=\"skip-lazy fg-image\" data-src-fg=\"https:\/\/www.bohemiachladpraha.eu\/wp-content\/uploads\/2019\/09\/vizualizace_monitorovaci_program_02_vv_strakonice-150x150.jpg\" src=\"data:image\/svg+xml,%3Csvg%20xmlns%3D%22http%3A%2F%2Fwww.w3.org%2F2000%2Fsvg%22%20width%3D%22150%22%20height%3D%22150%22%20viewBox%3D%220%200%20150%20150%22%3E%3C%2Fsvg%3E\" loading=\"eager\"><\/span><span class=\"fg-image-overlay\"><\/span><\/a><\/figure><div class=\"fg-loader\"><\/div><\/div><div class=\"fg-item fg-type-image fg-idle\"><figure class=\"fg-item-inner\"><a href=\"https:\/\/www.bohemiachladpraha.eu\/wp-content\/uploads\/2019\/09\/vizualizace_kvasny_proces01_vv_strakonice.png\" data-attachment-id=\"501\" data-type=\"image\" class=\"fg-thumb\"><span class=\"fg-image-wrap\"><img decoding=\"async\" width=\"150\" height=\"150\" class=\"skip-lazy fg-image\" data-src-fg=\"https:\/\/www.bohemiachladpraha.eu\/wp-content\/uploads\/2019\/09\/vizualizace_kvasny_proces01_vv_strakonice-150x150.png\" src=\"data:image\/svg+xml,%3Csvg%20xmlns%3D%22http%3A%2F%2Fwww.w3.org%2F2000%2Fsvg%22%20width%3D%22150%22%20height%3D%22150%22%20viewBox%3D%220%200%20150%20150%22%3E%3C%2Fsvg%3E\" loading=\"eager\"><\/span><span class=\"fg-image-overlay\"><\/span><\/a><\/figure><div class=\"fg-loader\"><\/div><\/div><div class=\"fg-item fg-type-image fg-idle\"><figure class=\"fg-item-inner\"><a href=\"https:\/\/www.bohemiachladpraha.eu\/wp-content\/uploads\/2019\/09\/vizualizace_spilek_pivo_hlinsko.jpg\" data-attachment-id=\"488\" data-type=\"image\" class=\"fg-thumb\"><span class=\"fg-image-wrap\"><img decoding=\"async\" width=\"150\" height=\"150\" class=\"skip-lazy fg-image\" data-src-fg=\"https:\/\/www.bohemiachladpraha.eu\/wp-content\/uploads\/2019\/09\/vizualizace_spilek_pivo_hlinsko-150x150.jpg\" src=\"data:image\/svg+xml,%3Csvg%20xmlns%3D%22http%3A%2F%2Fwww.w3.org%2F2000%2Fsvg%22%20width%3D%22150%22%20height%3D%22150%22%20viewBox%3D%220%200%20150%20150%22%3E%3C%2Fsvg%3E\" loading=\"eager\"><\/span><span class=\"fg-image-overlay\"><\/span><\/a><\/figure><div class=\"fg-loader\"><\/div><\/div><div class=\"fg-item fg-type-image fg-idle\"><figure class=\"fg-item-inner\"><a href=\"https:\/\/www.bohemiachladpraha.eu\/wp-content\/uploads\/2019\/09\/rozvadec_02_pivo_svijany.jpg\" data-attachment-id=\"479\" data-type=\"image\" class=\"fg-thumb\"><span class=\"fg-image-wrap\"><img decoding=\"async\" width=\"150\" height=\"150\" class=\"skip-lazy fg-image\" data-src-fg=\"https:\/\/www.bohemiachladpraha.eu\/wp-content\/uploads\/2019\/09\/rozvadec_02_pivo_svijany-150x150.jpg\" src=\"data:image\/svg+xml,%3Csvg%20xmlns%3D%22http%3A%2F%2Fwww.w3.org%2F2000%2Fsvg%22%20width%3D%22150%22%20height%3D%22150%22%20viewBox%3D%220%200%20150%20150%22%3E%3C%2Fsvg%3E\" loading=\"eager\"><\/span><span class=\"fg-image-overlay\"><\/span><\/a><\/figure><div class=\"fg-loader\"><\/div><\/div><div class=\"fg-item fg-type-image fg-idle\"><figure class=\"fg-item-inner\"><a href=\"https:\/\/www.bohemiachladpraha.eu\/wp-content\/uploads\/2019\/09\/rozvadec_01_pivo_louny.jpg\" data-caption-title=\"OLYMPUS DIGITAL CAMERA\" data-attachment-id=\"478\" data-type=\"image\" class=\"fg-thumb\"><span class=\"fg-image-wrap\"><img decoding=\"async\" title=\"OLYMPUS DIGITAL CAMERA\" width=\"150\" height=\"150\" class=\"skip-lazy fg-image\" data-src-fg=\"https:\/\/www.bohemiachladpraha.eu\/wp-content\/uploads\/2019\/09\/rozvadec_01_pivo_louny-150x150.jpg\" src=\"data:image\/svg+xml,%3Csvg%20xmlns%3D%22http%3A%2F%2Fwww.w3.org%2F2000%2Fsvg%22%20width%3D%22150%22%20height%3D%22150%22%20viewBox%3D%220%200%20150%20150%22%3E%3C%2Fsvg%3E\" loading=\"eager\"><\/span><span class=\"fg-image-overlay\"><\/span><\/a><figcaption class=\"fg-caption\"><div class=\"fg-caption-inner\"><div class=\"fg-caption-title\">OLYMPUS DIGITAL CAMERA<\/div><\/div><\/figcaption><\/figure><div class=\"fg-loader\"><\/div><\/div><div class=\"fg-item fg-type-image fg-idle\"><figure class=\"fg-item-inner\"><a href=\"https:\/\/www.bohemiachladpraha.eu\/wp-content\/uploads\/2019\/09\/rozvadec_02_pivo_louny.jpg\" data-caption-title=\"OLYMPUS DIGITAL CAMERA\" data-attachment-id=\"477\" data-type=\"image\" class=\"fg-thumb\"><span class=\"fg-image-wrap\"><img decoding=\"async\" title=\"OLYMPUS DIGITAL CAMERA\" width=\"150\" height=\"150\" class=\"skip-lazy fg-image\" data-src-fg=\"https:\/\/www.bohemiachladpraha.eu\/wp-content\/uploads\/2019\/09\/rozvadec_02_pivo_louny-150x150.jpg\" src=\"data:image\/svg+xml,%3Csvg%20xmlns%3D%22http%3A%2F%2Fwww.w3.org%2F2000%2Fsvg%22%20width%3D%22150%22%20height%3D%22150%22%20viewBox%3D%220%200%20150%20150%22%3E%3C%2Fsvg%3E\" loading=\"eager\"><\/span><span class=\"fg-image-overlay\"><\/span><\/a><figcaption class=\"fg-caption\"><div class=\"fg-caption-inner\"><div class=\"fg-caption-title\">OLYMPUS DIGITAL CAMERA<\/div><\/div><\/figcaption><\/figure><div class=\"fg-loader\"><\/div><\/div><div class=\"fg-item fg-type-image fg-idle\"><figure class=\"fg-item-inner\"><a href=\"https:\/\/www.bohemiachladpraha.eu\/wp-content\/uploads\/2019\/09\/re_rozvadec_strojovny_chlazeni_interpharm.jpg\" data-attachment-id=\"470\" data-type=\"image\" class=\"fg-thumb\"><span class=\"fg-image-wrap\"><img decoding=\"async\" width=\"150\" height=\"150\" class=\"skip-lazy fg-image\" data-src-fg=\"https:\/\/www.bohemiachladpraha.eu\/wp-content\/uploads\/2019\/09\/re_rozvadec_strojovny_chlazeni_interpharm-150x150.jpg\" src=\"data:image\/svg+xml,%3Csvg%20xmlns%3D%22http%3A%2F%2Fwww.w3.org%2F2000%2Fsvg%22%20width%3D%22150%22%20height%3D%22150%22%20viewBox%3D%220%200%20150%20150%22%3E%3C%2Fsvg%3E\" loading=\"eager\"><\/span><span class=\"fg-image-overlay\"><\/span><\/a><\/figure><div class=\"fg-loader\"><\/div><\/div><\/div>\n\n","protected":false},"excerpt":{"rendered":"<p>Zaji\u0161\u0165ujeme projek\u010dn\u00ed \u010dinnost hled\u00e1n\u00ed \u00faspor energi\u00ed &#8211; nap\u0159. \u00faspory v&nbsp;osv\u011btlen\u00ed v\u00fdrobn\u00edch&nbsp;hal jednoduchou regulac\u00ed \u0159\u00edzen\u00ed a&nbsp;monitorov\u00e1n\u00ed chlad\u00edrensk\u00fdch a&nbsp;technologick\u00fdch celk\u016f v\u00fdroba rozvad\u011b\u010d\u016f kompletn\u00ed mont\u00e1\u017ee elektro \u2013 silno a&nbsp;slaboproud software bezpe\u010dnostn\u00ed za\u0159\u00edzen\u00ed budov kamerov\u00e9 syst\u00e9my a&nbsp;pod.<\/p>\n","protected":false},"author":1,"featured_media":441,"parent":0,"menu_order":0,"comment_status":"closed","ping_status":"closed","template":"pagesluzby.php","meta":{"footnotes":""},"class_list":["post-139","page","type-page","status-publish","has-post-thumbnail","hentry"],"_links":{"self":[{"href":"https:\/\/www.bohemiachladpraha.eu\/index.php?rest_route=\/wp\/v2\/pages\/139","targetHints":{"allow":["GET"]}}],"collection":[{"href":"https:\/\/www.bohemiachladpraha.eu\/index.php?rest_route=\/wp\/v2\/pages"}],"about":[{"href":"https:\/\/www.bohemiachladpraha.eu\/index.php?rest_route=\/wp\/v2\/types\/page"}],"author":[{"embeddable":true,"href":"https:\/\/www.bohemiachladpraha.eu\/index.php?rest_route=\/wp\/v2\/users\/1"}],"replies":[{"embeddable":true,"href":"https:\/\/www.bohemiachladpraha.eu\/index.php?rest_route=%2Fwp%2Fv2%2Fcomments&post=139"}],"version-history":[{"count":13,"href":"https:\/\/www.bohemiachladpraha.eu\/index.php?rest_route=\/wp\/v2\/pages\/139\/revisions"}],"predecessor-version":[{"id":754,"href":"https:\/\/www.bohemiachladpraha.eu\/index.php?rest_route=\/wp\/v2\/pages\/139\/revisions\/754"}],"wp:featuredmedia":[{"embeddable":true,"href":"https:\/\/www.bohemiachladpraha.eu\/index.php?rest_route=\/wp\/v2\/media\/441"}],"wp:attachment":[{"href":"https:\/\/www.bohemiachladpraha.eu\/index.php?rest_route=%2Fwp%2Fv2%2Fmedia&parent=139"}],"curies":[{"name":"wp","href":"https:\/\/api.w.org\/{rel}","templated":true}]}}