{"id":148,"date":"2019-07-15T09:25:59","date_gmt":"2019-07-15T09:25:59","guid":{"rendered":"http:\/\/localhost\/?page_id=148"},"modified":"2019-11-01T11:19:08","modified_gmt":"2019-11-01T11:19:08","slug":"sluzby_prirodni-chladiva","status":"publish","type":"page","link":"https:\/\/www.bohemiachladpraha.eu\/?page_id=148","title":{"rendered":"P\u0159\u00edrodn\u00ed chladiva"},"content":{"rendered":"<p>V&nbsp;sou\u010dasn\u00e9 dob\u011b se&nbsp;jen&nbsp;v\u00fdjime\u010dn\u011b zab\u00fdv\u00e1me projekty, kde&nbsp;je&nbsp;jako chladivo pou\u017e\u00edv\u00e1n Freon.  Jeho \u0161kodlivost na&nbsp;na\u0161e klima je&nbsp;v\u0161eobecn\u011b zn\u00e1ma a&nbsp;tak&nbsp;d\u00e1v\u00e1me jednozna\u010dn\u011b p\u0159ednost \u010dpavku. Od&nbsp;roku 2003 jsme \u010dleny organizace <strong>Eurammon<\/strong> a&nbsp;aktivn\u011b se&nbsp;pod\u00edl\u00edme na&nbsp;jej\u00ed \u010dinnosti.<\/p>\n<p>Na\u0161im z\u00e1kazn\u00edk\u016fm d\u00e1le v\u0159ele doporu\u010dujeme pou\u017e\u00edvat teplonosnou kapalinu <strong>BOHEMIACOOL G \u2013 12\u00b0C<\/strong>, kter\u00e1&nbsp;je&nbsp;velmi \u0161etrn\u00e1 v\u016f\u010di \u017eivotn\u00edmu prost\u0159ed\u00ed, na&nbsp;jej\u00ed pou\u017eit\u00ed a&nbsp;dopravu nen\u00ed t\u0159eba \u017e\u00e1dn\u00fdch speci\u00e1ln\u00edch povolen\u00ed.<br \/>\nJe&nbsp;to&nbsp;nemrznouc\u00ed, antikorozn\u00ed kapalina na&nbsp;b\u00e1zi <strong>G (glycerinu)<\/strong> ur\u010den\u00e1 pro&nbsp;p\u0159enos tepla \u010di&nbsp;chladu v&nbsp;syst\u00e9mech tepeln\u00fdch \u010derpadel, chlazen\u00ed a&nbsp;klimatizac\u00ed.<\/p>\n<p>Jde o&nbsp;\u010dir\u00fd, vodou \u0159ed\u011bn\u00fd G roztok modr\u00e9 barvy s&nbsp;obsahem multifunk\u010dn\u00edch organick\u00fdch inhibitor\u016f koroze. D\u00e1le pak se&nbsp;specifick\u00fdmi p\u0159\u00edsadami&nbsp;dle po\u017eadavku z\u00e1kazn\u00edka. <strong>P\u0159edpokl\u00e1dan\u00e1 \u017eivotnost v&nbsp;odborn\u011b provozovan\u00fdch syst\u00e9mech je&nbsp;minim\u00e1ln\u011b 10 let.<\/strong><\/p>\n","protected":false},"excerpt":{"rendered":"<p>V&nbsp;sou\u010dasn\u00e9 dob\u011b se&nbsp;jen&nbsp;v\u00fdjime\u010dn\u011b zab\u00fdv\u00e1me projekty, kde&nbsp;je&nbsp;jako chladivo pou\u017e\u00edv\u00e1n Freon. Jeho \u0161kodlivost na&nbsp;na\u0161e klima je&nbsp;v\u0161eobecn\u011b zn\u00e1ma a&nbsp;tak&nbsp;d\u00e1v\u00e1me jednozna\u010dn\u011b p\u0159ednost \u010dpavku. Od&nbsp;roku 2003 jsme \u010dleny organizace Eurammon a&nbsp;aktivn\u011b se&nbsp;pod\u00edl\u00edme na&nbsp;jej\u00ed \u010dinnosti. Na\u0161im z\u00e1kazn\u00edk\u016fm d\u00e1le v\u0159ele doporu\u010dujeme pou\u017e\u00edvat teplonosnou kapalinu BOHEMIACOOL G \u2013 12\u00b0C, kter\u00e1&nbsp;je&nbsp;velmi \u0161etrn\u00e1 v\u016f\u010di \u017eivotn\u00edmu prost\u0159ed\u00ed, na&nbsp;jej\u00ed pou\u017eit\u00ed a&nbsp;dopravu nen\u00ed t\u0159eba \u017e\u00e1dn\u00fdch speci\u00e1ln\u00edch povolen\u00ed. Je&nbsp;to&nbsp;nemrznouc\u00ed, [&hellip;]<\/p>\n","protected":false},"author":1,"featured_media":438,"parent":0,"menu_order":0,"comment_status":"closed","ping_status":"closed","template":"pagesluzby.php","meta":{"footnotes":""},"class_list":["post-148","page","type-page","status-publish","has-post-thumbnail","hentry"],"_links":{"self":[{"href":"https:\/\/www.bohemiachladpraha.eu\/index.php?rest_route=\/wp\/v2\/pages\/148","targetHints":{"allow":["GET"]}}],"collection":[{"href":"https:\/\/www.bohemiachladpraha.eu\/index.php?rest_route=\/wp\/v2\/pages"}],"about":[{"href":"https:\/\/www.bohemiachladpraha.eu\/index.php?rest_route=\/wp\/v2\/types\/page"}],"author":[{"embeddable":true,"href":"https:\/\/www.bohemiachladpraha.eu\/index.php?rest_route=\/wp\/v2\/users\/1"}],"replies":[{"embeddable":true,"href":"https:\/\/www.bohemiachladpraha.eu\/index.php?rest_route=%2Fwp%2Fv2%2Fcomments&post=148"}],"version-history":[{"count":9,"href":"https:\/\/www.bohemiachladpraha.eu\/index.php?rest_route=\/wp\/v2\/pages\/148\/revisions"}],"predecessor-version":[{"id":546,"href":"https:\/\/www.bohemiachladpraha.eu\/index.php?rest_route=\/wp\/v2\/pages\/148\/revisions\/546"}],"wp:featuredmedia":[{"embeddable":true,"href":"https:\/\/www.bohemiachladpraha.eu\/index.php?rest_route=\/wp\/v2\/media\/438"}],"wp:attachment":[{"href":"https:\/\/www.bohemiachladpraha.eu\/index.php?rest_route=%2Fwp%2Fv2%2Fmedia&parent=148"}],"curies":[{"name":"wp","href":"https:\/\/api.w.org\/{rel}","templated":true}]}}

Přírodní chladiva

<p>V&nbsp;současné době se&nbsp;jen&nbsp;výjimečně zabýváme projekty, kde&nbsp;je&nbsp;jako chladivo používán Freon.  Jeho škodlivost na&nbsp;naše klima je&nbsp;všeobecně známa a&nbsp;tak&nbsp;dáváme jednoznačně přednost čpavku. Od&nbsp;roku 2003 jsme členy organizace <strong>Eurammon</strong> a&nbsp;aktivně se&nbsp;podílíme na&nbsp;její činnosti.</p>
<p>Našim zákazníkům dále vřele doporučujeme používat teplonosnou kapalinu <strong>BOHEMIACOOL G – 12°C</strong>, která&nbsp;je&nbsp;velmi šetrná vůči životnímu prostředí, na&nbsp;její použití a&nbsp;dopravu není třeba žádných speciálních povolení.<br />
Je&nbsp;to&nbsp;nemrznoucí, antikorozní kapalina na&nbsp;bázi <strong>G (glycerinu)</strong> určená pro&nbsp;přenos tepla či&nbsp;chladu v&nbsp;systémech tepelných čerpadel, chlazení a&nbsp;klimatizací.</p>
<p>Jde o&nbsp;čirý, vodou ředěný G roztok modré barvy s&nbsp;obsahem multifunkčních organických inhibitorů koroze. Dále pak se&nbsp;specifickými přísadami&nbsp;dle požadavku zákazníka. <strong>Předpokládaná životnost v&nbsp;odborně provozovaných systémech je&nbsp;minimálně 10 let.</strong></p>

<p>V&nbsp;současné době se&nbsp;jen&nbsp;výjimečně zabýváme projekty, kde&nbsp;je&nbsp;jako chladivo používán Freon. Jeho škodlivost na&nbsp;naše klima je&nbsp;všeobecně známa a&nbsp;tak&nbsp;dáváme jednoznačně přednost čpavku. Od&nbsp;roku 2003 jsme členy organizace Eurammon a&nbsp;aktivně se&nbsp;podílíme na&nbsp;její činnosti. Našim zákazníkům dále vřele doporučujeme používat teplonosnou kapalinu BOHEMIACOOL G – 12°C, která&nbsp;je&nbsp;velmi šetrná vůči životnímu prostředí, na&nbsp;její použití a&nbsp;dopravu není třeba žádných speciálních povolení. Je&nbsp;to&nbsp;nemrznoucí, [&hellip;]</p>
